3. Let d(g) = -7*a(g) + 5*p(g). Give d(v).
8
Let l be 0 - ((-56)/(-8) - 7). Let s(h) = -2*h - 8*h - h**2 + l + 6*h + 7 - 2*h. What is s(-7)?
0
Let t(x) = -x**3 + 20*x**2 - 33*x + 5 + 29*x + 13 - 30*x - 25. Calculate t(18).
29
Let t be -1*(-131)/(-2)*2. Let q(x) = 1485*x - 14714. Let s be q(10). Let u = t + s. Let p(i) = -i**3 + 4*i**2 + 6*i - 5. Determine p(u).
0
Let l(a) = 17*a + 2. Let t be l(0). Let s be ((-9 - -14) + -16)*(t - 3). Let b(c) = c - 12. Determine b(s).
-1
Suppose -426*v + 425*v + 2 = 0. Let c(x) = x**3 - 2*x**2 + 6. Determine c(v).
6
Let w(h) = -14*h - 17*h + h**2 + 14 - 16*h + 35*h. Give w(10).
-6
Let u(c) = 184*c - 5322. Let l be u(29). Let y(m) = 6*m - 21. Determine y(l).
63
Let d(q) = q**3 + 8*q**2 - 9*q - 5. Let o = -166 - 80. Let k = -255 - o. Give d(k).
-5
Let o(p) be the second derivative of -8*p**4/3 + 127*p**3/6 - 3*p**2 - 3550*p. What is o(4)?
-10
Let c(d) be the third derivative of d**6/120 + 3*d**5/10 - 7*d**4/8 - 35*d**3/6 + 993*d**2. What is c(-19)?
3
Let k be (12/(-18))/((-8)/60). Let x(v) = -23*v + 10. Let n(p) = 14*p - 5. Let z(c) = 5*n(c) + 3*x(c). Determine z(k).
10
Suppose 0 = -5*b - 4*z + 8*z - 305, -5*b - 265 = 4*z. Let i = b - -61. Let d be 72/(-16)*i/15*-5. Let u(p) = p**3 - 7*p**2 + 6*p - 4. Calculate u(d).
-4
Let q(c) = c**2 + 7*c + 8. Let d = 415 + -439. Let g be 4/(d/16 - -1). Calculate q(g).
16
Let y(x) = -17 - 158341*x + 158339*x - 53. Determine y(-38).
6
Let z(r) = -67*r**3 + 6*r**2 + r - 5. Let m(d) = -11*d**3 + d**2 - d - 1. Let t(g) = 6*m(g) - z(g). Give t(-3).
-7
Let y(w) = w**3 + 2*w**2 - w + 1. Let b(f) = 1518 + 9*f**2 + 5*f**3 - 1514 - 4*f - 2*f. Let x(d) = b(d) - 4*y(d). Calculate x(-3).
-12
Let w(f) = -29*f**2 + 478*f - 7. Let i(g) = 39*g**2 - 646*g + 10. Let s(x) = -8*i(x) - 11*w(x). Determine s(13).
10
Let b(v) = -v + 5. Let m be 1*19/(38/24). Suppose -6*p - m = w - 4*p, -33 = 4*w + 3*p. What is b(w)?
11
Let x(k) be the first derivative of k**3/3 - 4*k**2 - 5*k + 2857. What is x(6)?
-17
Suppose -s = 2*a, -s + 9 = -4*a - 3. Let i(w) = 7*w + 13*w + s*w + 6*w - 34*w - 7. Determine i(7).
-35
Let v(y) = -y + 12. Suppose 3*x + 146 = 5*q + 6*x, 0 = -2*x - 6. Let w = q - 22. Give v(w).
3
Let m(q) = -72 + 84 + 6*q + 4*q**2 + 33*q - 2*q. Calculate m(-9).
3
Let a(w) = 50*w + 721. Let b(y) = -6*y - 87. Let h(s) = -2*a(s) - 17*b(s). What is h(-22)?
-7
Let d = -37 + 157. Let b be (-196)/(-48) + (-10)/d. Let p(n) = 8*n - 3*n - 3*n**2 + 2*n**2. Give p(b).
4
Let v(r) = 10*r - 8. Let s be v(1). Let x(l) = l**2 + 2*l - 4. Let d(h) = -3*h**2 - 3*h + 8. Let z(n) = s*d(n) + 5*x(n). What is z(3)?
-1
Let s(u) = -3*u**2 + 12*u + 14. Suppose 0 = -2*m + 2*q + 2, 0 = 2*m - 4*m - q + 17. Calculate s(m).
-22
Let r(h) = -h**3 - 18*h**2 - 33*h - 18. Let a(j) = 19*j**2 + 3*j - 8. Let k be a(2). Suppose u + 90 = k. What is r(u)?
-2
Suppose 1 = -21*h - 76 + 14. Let k(i) = -27*i - 2. Determine k(h).
79
Let c(x) = -61*x - 6. Let t(i) = -28*i - 3. Let s(l) = 6*c(l) - 13*t(l). Suppose 8*a = 3*a + 30. Give s(a).
-9
Let i(a) = 2*a**2 + 17*a + 14. Suppose -4320 + 3998 = 46*z. Calculate i(z).
-7
Let g(w) be the first derivative of 5*w - 1/4*w**4 + 11/2*w**2 - 2*w**3 + 106. Give g(-7).
-23
Let l(x) = -x**2 + 4. Let q = 29 - 8. Suppose -69*j + q = -62*j. Calculate l(j).
-5
Suppose 0 = -5*m + 4*k + 18, -5*k = 7 + 3. Suppose f + m*y - 13 = 0, -3*y - 7 = -19. Let r(c) = -3 + 3*c - 3*c + c. Give r(f).
2
Let y(t) = 0*t**2 + 10*t**2 - 6*t**2 - 10*t - 5*t**2 + 6. Calculate y(-11).
-5
Let o(q) = q**3 + 9*q**2 + 3*q + 6. Let a be ((-2)/(-6))/((-10)/(-30)) + 11. Let y be -4 - (54/a - 1/(-2)). Give o(y).
-21
Suppose -5*q + 175 = -3*k + 110, 4*q = k + 45. Let r(d) = -d**3 + 11*d**2 - 12*d - 20. Determine r(q).
-40
Let i be (-1)/(-10) + -2*(-11)/(-20). Let n(f) = -12*f**3 - 4*f**2 + 166*f + 3*f**2 - 167*f + 0*f**2. Calculate n(i).
12
Suppose -10*l = -10 - 10. Let g(p) = 5 - 2 + l*p + 2. What is g(4)?
13
Suppose -v + 4 = -l - 7, 3*l = 4*v - 47. Let q(a) = a - 47. Give q(v).
-33
Let s be 3/(63/597) - 6/14. Let a be (-8)/s - (78/21 + -3). Let r be 1 - (-2 - (2 - (3 + a))). Let q(i) = -2*i**2 + 3*i + 2. Calculate q(r).
-7
Let r(g) = g**2 + 1. Let b be r(1). Let c(l) = 3*l + 4*l - l - b*l. Let z(d) = d**2 - 3*d - 6. Let n be z(4). Calculate c(n).
-8
Suppose 5*w - 5 = -7*v + 2*v, 20 = -5*v. Let b(j) = 11*j - 349. Let c be b(32). Let r(g) = 6 + 11*g**2 + w + 12*g + 15*g**3 - 14*g**c. Calculate r(-10).
-9
Let f(j) = j**2 - j - 1. Let k(u) be the first derivative of -1/4*u**4 + 5/2*u**2 - 14/3*u**3 + 9*u - 13. Let h(q) = -5*f(q) - k(q). What is h(-9)?
-4
Let i(m) = m**3 + 10*m**2 - 14. Let s be -2*(-3)/30*-5. Let z(r) = r**2 - r. Let o(n) = s*z(n) - i(n). Give o(-11).
3
Let j(m) = -m**2 + 6*m + 5. Let c = 74 + -52. Suppose w - 2*w = c. Let p be w/(-5) + 6/10. Give j(p).
10
Let f(w) = w**3 - 4*w**2 - 6*w + 2. Let u = -29 + 1. Let d be 21/u - 10/8. Let h be 0 - -1 - 2*d. Give f(h).
-3
Suppose -53*m + 48*m = 20. Let u(c) = -7*c - 7. Let x(p) = 4*p + 3. Let t(v) = -2*u(v) - 5*x(v). Calculate t(m).
23
Let g(z) = z**3 - 9*z - 9. Let y be g(-1). Let x(a) = -12*a - 1. Calculate x(y).
11
Let r(o) = 5*o - 2. Suppose 15*k + 5*k + 1480 = 0. Let t be k/(-14) + 6/42*-2. Determine r(t).
23
Let m(t) be the third derivative of -1/120*t**6 - 2*t + 13*t**2 + 1/6*t**3 + 0*t**5 + 1/8*t**4 + 0. Give m(-2).
3
Let p(j) = 33*j + 1852. Let b be p(-56). Let l(d) = d**2 - 14*d + 32. What is l(b)?
-8
Let u(z) = z**2 - 4. Let d = 9 - 17. Let b be 0/(-2) - (d + 5 - -1). Give u(b).
0
Let d(u) = -58*u**2 - 7*u + 8. Suppose 15355 = 7*v + 15348. Give d(v).
-57
Let a be (((-296)/(-32) - 9) + (-1)/4)/(-1). Let r(c) = -3*c + 48. Calculate r(a).
48
Let h be 9 + (-260)/30 + 8/(-6). Let a(y) = -14*y + 11. Let n(t) = 5*t. Let i(q) = h*a(q) - 2*n(q). What is i(6)?
13
Let u(d) = 293*d + 293. Let p be u(-1). Let g(l) = -l**3 - 2*l + 42. What is g(p)?
42
Let u(m) = -56*m + 1. Let j be u(0). Let b be (-32 - -42) + -3 + j. Let i(q) = -2*q + 10. Determine i(b).
-6
Let o(w) = w**3 - 9*w**2 - w + 12. Suppose 24*g = g + 920. Suppose 0 = 37*p - g*p + 27. Determine o(p).
3
Suppose -4*t + 20 = 0, -90*b + 86*b + 5*t - 5 = 0. Let a(n) = n**3 - 5*n**2 + n - 2. What is a(b)?
3
Let m(t) = -7*t**3 - 19*t**2 + 11*t + 40. Let d(c) = -20*c**3 - 55*c**2 + 32*c + 120. Let a(u) = 6*d(u) - 17*m(u). Determine a(-6).
-26
Let g(n) = -6*n - 1. Let o be (6/(-2) - -9) + -2. Let i(v) = 18*v + 4. Let p(w) = o*i(w) + 11*g(w). What is p(-4)?
-19
Let s = 17626 + -17634. Let b(d) = d**3 + 9*d**2 + 4*d - 30. Give b(s).
2
Let o(u) = u**2 + 16*u - 17. Suppose 0 = 55*k - 60*k - 10, 3*h = -k - 53. Give o(h).
0
Suppose 23*x = 20*x - 12, -3*n - 2*x - 140 = 0. Let f(m) = -3*m - 148. Give f(n).
-16
Suppose -5*d = q - 5956, 4*q = 2*d + 2*d - 4760. Suppose -1177 + d = -2*n. Let c(t) = -t**2 - 4*t + 15. Determine c(n).
-6
Suppose 5*v - 5*x = 0, -5*v - 49 = 5*x - 9. Let m be v/(-3) - (-16)/(-12). Let n = 0 + m. Let p(y) = y**3 + y**2 + y + 4. What is p(n)?
4
Let n(u) = -3*u**2 + 2*u + 2. Let m = -400 - -391. Let x be 1 - (6/m - (-14)/(-6)). Determine n(x).
-38
Suppose a = -3*j - 4 - 3, 0 = -4*j - a - 8. Let v(i) = 5*i - 20. Let m(d) = -3*d + 13. Let r(h) = -3*m(h) - 2*v(h). Give r(j).
2
Let v = -153 - -82. Let f = 73 + v. Suppose 3*q - 5*s - 35 = 0, 4*s + 2 = -f*q + s. Let z(o) = -o**3 + 5*o**2 - 2*o. Determine z(q).
-10
Let g(q) be the first derivative of -3*q**2 + 43*q - 10635. Calculate g(3).
25
Let n(f) = -2*f**2 - 11*f - 20. Let v = 11163 + -11173. Determine n(v).
-110
Suppose 112*v = 96*v - 6208. Let h = v + 379. Let c(i) = -i**2 - 11*i - 1. Determine c(h).
17
Let c(l) be the third derivative of 7*l**5/20 - l**4/12 - l**3/3 - 2144*l**2. Calculate c(1).
17
Let u(w) be the third derivative of w**7/840 + w**6/180 - 7*w**5/120 + 5*w**4/24 - 11*w**3 - 266*w**2. Let c(x) be the first derivative of u(x). What is c(-4)?
1
Let y(d) = d**3 + 7*d**2 - 7*d + 7. Suppose 0 = 2*s - 7*s + 20. Let z be 6/2 - (-3)/(-1) - -4. Suppose q = 4*l - z, s*q + 2*l + 11 = -23. What is y(q)?
-1
Let b(f) = -1. Suppose 3*s - 12 = 0, 5*s - 28 + 0 = 2*g. Let r(i) = 3*i + 9. Let h(a) = g*b(a) - r(a). Determine h(-4).
7
Let f = -467 + 469. Let y(w) = 2*w - 48*w**2 + 5 - 54*w**2 + 101*w**f + 7. Give y(5).
-3
Suppose -2*h - 2*t = -24, 4*t = -0*h - 5*h + 55. Suppose -